ded by 14?
12
Calculate the remainder when 6504134 is divided by 33.
32
What is the remainder when 2378404 is divided by 4?
0
Calculate the remainder when 8665596 is divided by 400.
396
Calculate the remainder when 336002 is divided by 2546.
2476
What is the remainder when 1723774 is divided by 822?
40
Calculate the remainder when 418571 is divided by 883.
29
Calculate the remainder when 6531610 is divided by 102056.
26
What is the remainder when 1008573 is divided by 338?
319
What is the remainder when 477289 is divided by 2510?
389
Calculate the remainder when 45645 is divided by 465.
75
Calculate the remainder when 30198 is divided by 9528.
1614
What is the remainder when 17767515 is divided by 7580?
7575
What is the remainder when 5042186 is divided by 129285?
71
What is the remainder when 132198 is divided by 9?
6
Calculate the remainder when 5165336 is divided by 458.
12
Calculate the remainder when 505500 is divided by 16848.
60
What is the remainder when 227227 is divided by 5146?
803
What is the remainder when 78267042 is divided by 2394?
0
Calculate the remainder when 211585 is divided by 134.
133
Calculate the remainder when 85120 is divided by 906.
862
Calculate the remainder when 29829631 is divided by 2293.
2287
What is the remainder when 156166 is divided by 3387?
364
Calculate the remainder when 2977422 is divided by 15.
12
What is the remainder when 48138363 is divided by 2113?
2110
What is the remainder when 12975291 is divided by 529?
508
Calculate the remainder when 2015039 is divided by 981.
65
Calculate the remainder when 23847 is divided by 2629.
186
Calculate the remainder when 456797 is divided by 19033.
5
What is the remainder when 1968843 is divided by 393193?
2878
What is the remainder when 576650441 is divided by 29?
28
Calculate the remainder when 15942 is divided by 2656.
6
What is the remainder when 183172 is divided by 190?
12
What is the remainder when 75134936 is divided by 64?
24
What is the remainder when 12656049 is divided by 50?
49
Calculate the remainder when 221142 is divided by 44051.
887
Calculate the remainder when 5320 is divided by 5076.
244
Calculate the remainder when 102428 is divided by 33492.
1952
What is the remainder when 1785050 is divided by 51?
50
Calculate the remainder when 62111 is divided by 1723.
83
Calculate the remainder when 232820 is divided by 345.
290
What is the remainder when 2023347 is divided by 1237?
852
What is the remainder when 267061 is divided by 88982?
115
Calculate the remainder when 22382 is divided by 959.
325
What is the remainder when 50743629 is divided by 7036?
7033
What is the remainder when 476126 is divided by 885?
881
What is the remainder when 2816607 is divided by 1408251?
105
Calculate the remainder when 4158 is divided by 839.
802
Calculate the remainder when 794074 is divided by 168.
106
Calculate the remainder when 20042 is divided by 3898.
552
What is the remainder when 17882493 is divided by 9343?
9334
Calculate the remainder when 795756 is divided by 265251.
3
Calculate the remainder when 5176 is divided by 424.
88
Calculate the remainder when 34912257 is divided by 2428.
45
What is the remainder when 5312305 is divided by 479?
195
Calculate the remainder when 1625071 is divided by 232152.
7
Calculate the remainder when 15451029 is divided by 23.
20
What is the remainder when 5754073 is divided by 1917108?
2749
Calculate the remainder when 384133198 is divided by 550.
548
Calculate the remainder when 1915077 is divided by 112.
101
Calculate the remainder when 20005 is divided by 1179.
1141
What is the remainder when 40766 is divided by 5441?
2679
Calculate the remainder when 939252 is divided by 62593.
357
Calculate the remainder when 11947 is divided by 3706.
829
Calculate the remainder when 404487844 is divided by 441.
439
What is the remainder when 438805 is divided by 144852?
4249
Calculate the remainder when 10861560 is divided by 417.
378
Calculate the remainder when 385720 is divided by 524.
56
Calculate the remainder when 4785865 is divided by 63811.
40
Calculate the remainder when 2728927 is divided by 2728909.
18
Calculate the remainder when 56900611 is divided by 3772.
3763
Calculate the remainder when 360554 is divided by 249.
2
Calculate the remainder when 20493871 is divided by 998.
939
What is the remainder when 17398301 is divided by 88?
85
Calculate the remainder when 11238317 is divided by 176.
13
Calculate the remainder when 2655893 is divided by 2655879.
14
Calculate the remainder when 3812918 is divided by 36662.
70
What is the remainder when 50007 is divided by 609?
69
What is the remainder when 19392743 is divided by 5041?
16
Calculate the remainder when 1476022 is divided by 492006.
4
What is the remainder when 9973180 is divided by 9894?
28
Calculate the remainder when 107313 is divided by 1083.
96
Calculate the remainder when 2203692 is divided by 2235.
2217
What is the remainder when 2444986 is divided by 2014?
2004
Calculate the remainder when 478166853 is divided by 17.
16
What is the remainder when 341459 is divided by 68285?
34
What is the remainder when 129511 is divided by 257?
240
What is the remainder when 14758080 is divided by 169?
155
What is the remainder when 173118 is divided by 5770?
18
What is the remainder when 3165079 is divided by 1055009?
52
What is the remainder when 49149358 is divided by 58?
42
Calculate the remainder when 1053735 is divided by 300.
135
What is the remainder when 244872 is divided by 305?
262
What is the remainder when 80979 is divided by 89?
78
Calculate the remainder when 858122 is divided by 1937.
31
What is the remainder when 59935 is divided by 5517?
4765
Calculate the remainder when 221287 is divided by 73594.
505
What is the remainder when 5699457 is divided by 10?
7
Calculate the remainder when 838701 is divided by 22.
17
Calculate the remainder when 28778 is divided by 214.
102
What is the remainder when 663686351 is divided by 41?
40
Calculate the remainder when 907130 is divided by 776.
762
Calculate the remainder when 9605941 is divided by 3264.
3253
What is the remainder when 313943 is divided by 73?
43
Calculate the remainder when 23492312 is divided by 379.
376
What is the remainder when 3022752 is divided by 81?
75
Calculate the remainder when 120885 is divided by 1383.
564
What is the remainder when 71849 is divided by 732?
113
What is the remainder when 56058894 is divided by 597?
594
Calculate the remainder when 1142864 is divided by 1142855.
9
Calculate the remainder when 810442 is divided by 364.
178
Calculate the remainder when 31595184 is divided by 44563.
17
What is the remainder when 584354 is divided by 644?
246
Calculate the remainder when 10166504 is divided by 15910.
14
Calculate the remainder when 1363135 is divided by 384.
319
What is the remainder when 189093 is divided by 105?
93
Calculate the remainder when 73822828 is divided by 3858.
3856
Calculate the remainder when 2202689 is divided by 5088.
4673
What is the remainder when 116842 is divided by 56693?
3456
What is the remainder when 60512 is divided by 1435?
242
What is the remainder when 1961091 is divided by 490183?
359
What is the remainder when 254307 is divided by 1980?
867
Calculate the remainder when 472866 is divided by 157236.
1158
What is the remainder when 79121573 is divided by 18?
17
What is the remainder when 54135847 is divided by 249?
10
Calculate the remainder when 4104343 is divided by 410434.
3
Calculate the remainder when 10704610 is divided by 162191.
4
Calculate the remainder when 62626919 is divided by 687.
686
Calculate the remainder when 48152 is divided by 11869.
676
Calculate the remainder when 6074527 is divided by 35.
32
What is the remainder when 44372 is divided by 14321?
1409
What is the remainder when 3993795 is divided by 71?
45
Calculate the remainder when 60448534 is divided by 36.
34
What is the remainder when 27684071 is divided by 85?
81
What is the remainder when 2557821 is divided by 638?
79
What is the remainder when 1087589 is divided by 137?
83
What is the remainder when 103631 is divided by 2129?
1439
Calculate the remainder when 23968 is divided by 772.
36
What is the remainder when 1839731 is divided by 28?
19
What is the remainder when 16161